ative of -k**4/24 - k**3/2 - 14*k**2. Let w(n) = -2*n + 8. Let o be w(-6). Let u be (1/2)/(2/o). Give j(u).
-8
Let t(s) = 7*s. Let r(n) = n**3 + 10*n**2 + 5*n - 9. Let y be r(-9). Suppose 2*l + 5*f = y, -2*l = 3*f - f - 12. What is t(l)?
7
Let u(g) = g**3 + 5*g**2 + 7*g + 4. Let h = 2 + 4. Let f be (2/(-1))/(3/h). What is u(f)?
-8
Let d(t) = -t**2 + t - 1. Suppose 2 = 2*h + 10, 3*h = 3*u - 21. Suppose -u*j + 0*j = -15. Suppose -10 = -0*l - j*l. Give d(l).
-3
Let x(w) = -3*w + 21. Let r(a) = 2*a - 14. Let s(k) = -7*r(k) - 5*x(k). Give s(7).
0
Let j = -3 - -1. Let c(t) = -6*t**3 - 2*t**2 - t. Let r(d) = -13*d**3 - 5*d**2 - 3*d. Let x = -8 - -13. Let q(n) = j*r(n) + x*c(n). Determine q(1).
-3
Let y(k) = 7*k**2 - 5*k**2 + 2 - 9*k - 2*k**2 + k**2. Give y(5).
-18
Let z(q) = -q - 1. Suppose 5*w + 2 = -8. Let n(k) = -7*k + 1. Let x(u) = w*z(u) - n(u). Let r be 8/12*(-3)/2. What is x(r)?
-8
Let v(x) = x**2 - 5*x - 10. Let r be v(7). Let k(q) = -q**2 + 9*q - 2. Let l(j) = j. Let m(g) = k(g) - 3*l(g). What is m(r)?
6
Suppose 2*b = -4*u + 8, 16 = -3*b - b. Suppose 0*z = u*z. Let l(m) = -m**2 + m. Give l(z).
0
Let w(m) be the third derivative of 1/30*m**5 + 0*m + 1/120*m**6 + 3*m**2 - 1/2*m**3 + 0 - 1/24*m**4. What is w(-3)?
-9
Let k(q) = 1 + 6*q**2 - q + 3*q**3 - 4*q**3 - q**2. Suppose 0*d = d - 9. Suppose 4 = -v + d. What is k(v)?
-4
Let w(v) be the third derivative of 1/60*v**5 - 1/4*v**4 + 0 + 0*v - v**2 + 1/2*v**3. Suppose 0 = m - 3*m + 8. Give w(m).
-5
Let y = -7 + 11. Let n be 9/4 + (-7)/28. Let p(s) = s + 0*s + y - n. What is p(-5)?
-3
Let n be (0 - (-3 - -4))*-1. Let j = 2 - n. Let u be (0 + -1)*(-1)/j. Let g(h) = 4*h**2. What is g(u)?
4
Let r(z) = -z**2 + 7*z - 5. Let f = 6 - 1. Give r(f).
5
Let g(d) be the third derivative of d**6/120 + d**5/12 + d**4/6 + 5*d**3/6 + 4*d**2. Let p be (-17)/(-3) + 4/(-6). Suppose -p + 1 = u. Give g(u).
5
Let w(x) = 2*x - 3. Let u(b) be the first derivative of b**2/2 + 6*b - 1. Let o be u(-4). What is w(o)?
1
Let r be 2/13 - 22/143. Suppose -3 = -q - r. Let x(d) = -d. What is x(q)?
-3
Let z(i) = -2*i - 10. Let s be z(-7). Suppose -s*o + 0 + 88 = 0. Suppose -5*k + 3*a = o, -3*k - 5*a = -0*k + 20. Let m(r) = -r**2 - 3*r + 6. What is m(k)?
-4
Let j = 13 + -6. Let q(k) = 1 - 4*k + j*k + 2*k. Determine q(1).
6
Let g(p) = p + 5 + 0 - 2*p. Let b = -4 + 11. Let y be -2*b/(-2) - 2. Calculate g(y).
0
Let d(a) be the second derivative of a**4/6 + a**3/3 + a**2/2 - 44*a - 2. Give d(-2).
5
Let s(p) be the second derivative of -p**5/20 + p**4/4 + p**2 - 4*p. Give s(3).
2
Let m(y) = y - 1. Let v(j) = -10*j + 2. Let h(r) = -5*m(r) - v(r). Determine h(4).
23
Suppose 0 = -5*b - 2 + 12. Let m(x) = 4 + 7*x + 0*x + 2*x**b - 2*x. Let j(z) = -z**2 + 2*z + 5. Let r be j(4). What is m(r)?
7
Let l(f) = -f**2 - 2*f - 2. Suppose -3*a = -4*u - 4 - 3, 4*u + 16 = 0. Give l(a).
-5
Let k be (-15)/(-54) - (-2)/9. Let l(g) be the first derivative of 3 + k*g**2 + 6*g. Give l(0).
6
Let y be ((-10)/3)/((-16)/24). Suppose -6*b + y*b = -1. Let o(a) = -3*a**3 - a**2 + a. Let k(u) = -u**2 - u + 1. Let x(h) = k(h) - o(h). Give x(b).
2
Let z be (48/14)/(-2)*7/(-2). Let k(v) be the second derivative of v**5/20 - 7*v**4/12 + v**3 - 7*v**2/2 - 2*v. Calculate k(z).
-7
Let v(c) = c**3 - 4*c**2 - 4*c - 3. Let g be v(5). Suppose i - g = -7. Let n(h) = -h**2 - 5*h - 3. Calculate n(i).
-3
Suppose b + 5 = -5*w + 2*b, -4*b = -w + 18. Let o(v) = -7*v + 1. Let z(t) = -3*t. Let a(l) = w*o(l) + 5*z(l). Determine a(-5).
3
Let c(i) be the first derivative of i**4/4 + i**2/2 - 2*i + 9. Let u be 5 + -6 - (-3 + 2). Calculate c(u).
-2
Let p(o) = -o - 10. Let j(q) = -q + 1. Let x(i) = -j(i) - p(i). Calculate x(-6).
-3
Let k(x) = -3*x**2 - 11*x + 6 + 4*x**2 + 14*x. Determine k(-4).
10
Let c(q) be the second derivative of -q**5/20 - q**4/12 + q**3/3 + 37*q. Let f = 1 - -1. Calculate c(f).
-8
Suppose 2*u - 2*l = 3 - 1, -5*u + 3*l + 5 = 0. Let n(s) = 4 + 0*s - 4 - u + s. Determine n(4).
3
Let l(c) = 2*c**3 + 2*c**2 + c. Let n = 32 + -33. Calculate l(n).
-1
Let q be 1*20/8*2. Let z(a) = a + 6. Give z(q).
11
Let s(o) = o**3 - 2*o**2 + 1. Let d be s(1). Let u be 0/(0 - (d + -1)). Let f(n) = n**2 - 5*n + 3*n + n. Calculate f(u).
0
Let y(o) = -o + 6. Let j(x) = -x**2 + 6*x - 2. Suppose 5*f + 1 = 6. Let s be (f - 2/10)*5. Let g be j(s). Calculate y(g).
0
Let u(i) be the first derivative of -i - 2 - 3/2*i**2. Give u(-4).
11
Let h(d) = d - 6*d + 7 + 4*d. Suppose 4*n - 5 = 7. Suppose 2*k - r - 24 = -n*k, -4*r = 5*k - 4. Determine h(k).
3
Let j = 0 + 1. Suppose a - 4*a = 3*g, 3*a - j = -2*g. Let x(o) = -4*o - 2. Let u(m) = -9*m - 5. Let b(s) = 3*u(s) - 7*x(s). Determine b(a).
0
Let z = -38 + 41. Let k(a) = -2*a**2 + 9*a + 6. Let d(y) = 2*y**2 - 8*y - 5. Let u(x) = -5*d(x) - 4*k(x). Give u(z).
-5
Let c(j) = 2*j + 29. Let s(u) = u + 15. Let b(r) = -6*c(r) + 11*s(r). Give b(0).
-9
Let r(t) = -5*t - 9. Let z(l) = 5*l + 8. Let n(w) = -5*r(w) - 6*z(w). What is n(-2)?
7
Let q(o) = o**2 - 2*o + 1. Let c(x) = -x**2 + 4*x + 4. Let k be c(4). Let v = -6 + 3. Let d = k + v. Calculate q(d).
0
Let b(p) = -4*p - 3. Let x(s) = 5*s + 4. Let c(g) = -4*b(g) - 3*x(g). Calculate c(0).
0
Let v(n) = 9*n**2 + 4*n**2 - 2*n**2 - 3*n**2 + 1. Give v(1).
9
Let s(f) = -f**3 - 2*f**2 + 2. Let m be 4/6 - 24/9. Let x be s(m). Let w(q) = -7 - q + q**2 + x*q - 1. What is w(0)?
-8
Suppose 0*k - 4*k = -4*b - 20, -25 = -5*k. Let z be (b*2/(-4))/(-2). Let v(o) = -o**2 - o + 1. Determine v(z).
1
Let n(z) = 18*z + 1 - 14*z + 4. Determine n(-5).
-15
Let b(t) be the third derivative of t**7/840 + t**6/90 - t**5/20 - t**4/12 - t**3/3 - 2*t**2. Let s(q) be the first derivative of b(q). Calculate s(-5).
3
Suppose -t - 6 = 4*a - 2, -5*a = 4*t + 5. Let j be ((-2)/6)/(a/6). Suppose j*s = 7*s. Let u(n) = n**2 + n - 4. Determine u(s).
-4
Let h(i) = -7*i**2 + i - 2. Let a(c) = c - 1. Let p(g) = -a(g) + h(g). Determine p(-1).
-8
Let h(n) = -6*n**2 - n - 1. Let t(f) = f**3 - 9*f**2 - f + 10. Let i(r) = -r**3 + 9*r**2 + r - 10. Let l(s) = -2*i(s) - 3*t(s). Let y be l(9). What is h(y)?
-6
Let a be 2/(-4)*2*1. Let h be a/(-2)*(2 + -2). Let m(y) = y**2 + 8363*y - 8363*y + 8. Calculate m(h).
8
Let y(w) be the third derivative of -2*w**2 + 1/12*w**4 + 1/2*w**3 + 0*w + 0 + 1/60*w**5. Calculate y(-3).
6
Suppose 0*t = -t - 1. Let z(i) = 2*i**3 - 4*i**2 - 3*i + 4. Let k(v) = v**3 - v**2. Let w(b) = t*k(b) + z(b). Suppose -45 = 46*g - 61*g. Determine w(g).
-5
Let h(q) be the first derivative of q**2/2 - q - 1. Calculate h(7).
6
Let s(a) be the third derivative of -a**6/120 - 3*a**5/20 + a**4/2 + 5*a**3/2 - 34*a**2. Give s(-10).
-5
Suppose 163*u + 15 = 160*u. Let w(v) = 3*v + 6. What is w(u)?
-9
Let u(p) = -p**3 + 2*p**2 + 3*p - 1. Suppose -13*y + 18*y = 15. Give u(y).
-1
Let r be (-4)/(-1) + (6 - 7). Suppose y - 9 = -4*m + 6, 2*m - y = 3. Let d(o) = -3 - o + 0*o + m*o. Give d(r).
3
Let s(q) = -q**3 - q**2 - 2. Let b be s(0). Let m(i) = 0 + 0 - i**2 + 1 - 3. What is m(b)?
-6
Let n be (-7)/(-4) + 21/(-28). Let s(h) = 0*h + 0 - n - 3*h**2 + 2 - 2*h. Determine s(1).
-4
Let x(o) be the third derivative of 1/24*o**4 + o**2 + 0 - 4/3*o**3 + 0*o. Calculate x(5).
-3
Let o(t) be the third derivative of -1/15*t**5 + 1/4*t**4 + 0*t**3 + 0*t - 1/120*t**6 + t**2 + 0. What is o(-5)?
-5
Let k(t) be the first derivative of 3*t**2/2 - 7*t + 2. Suppose 2*a - 10 = -2*f, f - 4 = -4*a + 7. Suppose -n = -2 - f. Calculate k(n).
8
Let l(f) = 3*f**3 + 4*f**2 + f + 3. Let t(p) = -4*p**3 - 6*p**2 - 2*p - 4. Let r(i) = -7*l(i) - 5*t(i). Calculate r(3).
-1
Suppose 4 = -0*d + 2*d. Let v(g) = g. Calculate v(d).
2
Let r(j) = 6*j**3 + 2*j**2 + 2*j - 3. Let g(p) = 7*p**3 + 3*p**2 + 2*p - 3. Let l be 74/(-14) - (-8)/28. Let s(o) = l*g(o) + 6*r(o). Calculate s(2).
-3
Let r = -43 - -44. Let k(n) = -6*n**2 + n**2 + 1 - 2. Determine k(r).
-6
Let i(g) = g**2 + 4*g - 1. Suppose n + n = 10. Suppose r + r = -n*l - 22, l = -4*r - 8. What is i(l)?
-1
Suppose y - 5*p = -3*y - 41, y - 4*p + 24 = 0. Let x be 1/2*(-8 + y). Let k(u) = 2*u + 8. Calculate k(x).
-4
Let m(z) be the first derivative of z**4/4 - 2*z**3 - 3*z**2 - 3*z - 13. Determine m(7).
4
Let r(o) = 2*o. Let c be r(5). Suppose -2*m + 6 = 0, 4*h - m = -c - 5. Let i(q) = 8*q - 3 - 16*q + 7*q. What is i(h)?
0
Let h(w) be the third derivative 